t(-6)?
6
Let x(w) = -88*w + 1764. Give x(20).
4
Let m(u) = -2*u + 4. What is m(8)?
-12
Let g(t) = -t**3 + t**2 + 29*t + 2. Calculate g(4).
70
Let g(x) = x**2 + 11*x - 308. Give g(12).
-32
Let u(w) = 2*w**3 + 4*w**2 + 2*w. Give u(-2).
-4
Let s(q) = -q**3 + 10*q**2 + 75*q - 4. Give s(15).
-4
Let j(z) = 5*z - 41. Calculate j(8).
-1
Let f(y) = 2*y**3 - 7*y**2 + 6*y. What is f(1)?
1
Let r(h) = -h**3 - 5*h**2 + 12*h + 30. Determine r(-6).
-6
Let h(t) = t**2 + 11*t - 6. Calculate h(-11).
-6
Let i(s) = 15*s - 37. What is i(3)?
8
Let n(i) = -9*i**3 - 89*i**2 + 11*i + 14. Give n(-10).
4
Let b(f) = 2*f**2 + 89*f + 49. Calculate b(-44).
5
Let z(g) = -g**3 + 9*g**2 - 9*g + 9. Calculate z(8).
1
Let z(n) = 26*n + 1. Give z(-2).
-51
Let n(i) = -i**3 - 10*i**2 - i + 9. Calculate n(-5).
-111
Let r(b) = -23*b - 15. Determine r(-5).
100
Let w(f) = f**3 + 24*f**2. What is w(-24)?
0
Let d(h) = -h**3 + 10*h**2 + 6*h + 27. Determine d(11).
-28
Let x(n) = 35*n**2 - n. Calculate x(-1).
36
Let l(z) = 5*z + 44. What is l(-14)?
-26
Let o(m) = -2*m + 46. Give o(22).
2
Let p(v) = -3*v - 10. Determine p(-3).
-1
Let v(i) = 4*i**2 - 11*i + 11. Determine v(5).
56
Let q(b) = -2*b**2 - 1. Calculate q(-1).
-3
Let r(q) = 2*q**2 - 3*q - 2. Give r(-1).
3
Let l(h) = -h - 11. Give l(-12).
1
Let t(h) = 11*h + 5. Give t(-1).
-6
Let u(h) = -17*h + 1. Determine u(1).
-16
Let v(b) = b**2 + 40*b - 45. Determine v(-41).
-4
Let c(g) = -g**3 + 5*g**2 + 5*g + 3. Determine c(6).
-3
Let y(b) = b**3 - 11*b**2 - b + 2. Determine y(11).
-9
Let d(z) = -z**3 + 5*z**2 - z + 3. Calculate d(6).
-39
Let q(c) = 4*c + 2. What is q(-3)?
-10
Let k(u) = u - 3. Give k(7).
4
Let r(j) = 4*j**2 + 2. Determine r(2).
18
Let g(x) = 3*x. Determine g(6).
18
Let j(c) = c**3 + 11*c**2 - 44*c - 31. Calculate j(-14).
-3
Let t(z) = z**2 + z - 3. Determine t(-4).
9
Let f(v) = v**2 - 6*v - 12. Determine f(8).
4
Let v(r) = 8*r - 18. Determine v(-5).
-58
Let o(g) = -31*g - 490. Calculate o(-16).
6
Let j(z) = z**3 - 23*z**2 - 2*z + 21. Give j(23).
-25
Let u(l) = -3*l**2 + 3. What is u(-3)?
-24
Let s(l) = 13*l - 31. What is s(3)?
8
Let y(f) = 4*f - 4. Calculate y(8).
28
Let u(b) = -9*b + 4. What is u(2)?
-14
Let m(w) = w**3 + 8*w**2 + 2*w + 7. Give m(-8).
-9
Let h(q) = q**3 + 4*q**2 + 2. Calculate h(-2).
10
Let s(h) = -7*h**3 + 2*h - 1. Calculate s(1).
-6
Let r(a) = -a**3 + 19*a**2 + a - 15. Give r(19).
4
Let z(p) = -8*p**2 - 2*p - 1. Calculate z(-2).
-29
Let y(r) = -r**2 + 5*r - 1. Give y(4).
3
Let x(j) = 4*j**2 - 52*j - 13. What is x(16)?
179
Let p(j) = 26*j**2 + 288*j + 20. What is p(-11)?
-2
Let z(y) = -y**2 + 33*y - 88. Give z(30).
2
Let y(m) = -m**3 - 9*m**2 - 4*m - 6. Determine y(-4).
-70
Let k(t) = -6*t + 121. Determine k(27).
-41
Let m(l) = -l**3 + 7*l**2 - 9*l - 1. Determine m(5).
4
Let b(w) = -w**2 + 9*w - 11. Give b(9).
-11
Let k(c) = -8*c + 59. Calculate k(9).
-13
Let o(t) = -2*t - 10. Calculate o(-3).
-4
Let a(j) = -16*j - 262. Give a(-19).
42
Let l(u) = -u**3 - 7*u**2 + 2*u + 24. Determine l(-7).
10
Let q(a) = a - 9. What is q(6)?
-3
Let n(d) = 19*d + 17. What is n(-2)?
-21
Let z(s) = -23*s - 111. Give z(-5).
4
Let f(t) = 3*t**2 + 3*t + 3. What is f(-4)?
39
Let q(j) = j**2 - 9*j + 1. Determine q(7).
-13
Let z(i) = i**2 - 45*i + 58. Give z(44).
14
Let n(w) = -w**3 + 8*w**2 - 9*w + 10. Calculate n(7).
-4
Let y(i) = -i**3 - 5*i**2 - 3*i + 1. Calculate y(-4).
-3
Let q(z) = -z**3 - 11*z**2 - 8*z + 18. Give q(-10).
-2
Let q(j) = 30*j**2 - 2*j - 2. Calculate q(-2).
122
Let z(b) = 11*b + 2. What is z(-1)?
-9
Let y(k) = k - 18. Calculate y(8).
-10
Let r(w) = 15*w - 1. Determine r(3).
44
Let u(k) = k + 15. What is u(-11)?
4
Let i(w) = -w + 23. Give i(20).
3
Let g(q) = 2*q**2 + 29*q + 14. What is g(-14)?
0
Let k(d) = 25*d + 90. Calculate k(-4).
-10
Let m(l) = l**2 - 13*l + 20. Give m(16).
68
Let f(a) = -7*a + 1. Determine f(-4).
29
Let j(k) = 4*k + 2. Calculate j(-4).
-14
Let f(i) = -i**3 - 29*i**2 - 3*i + 25. What is f(-29)?
112
Let g(u) = -10*u + 20. What is g(5)?
-30
Let y(x) = 2*x + 1. What is y(-3)?
-5
Let i(a) = -a**3 + 8*a**2 + 9*a - 4. Determine i(9).
-4
Let x(p) = 5*p**2 + 91*p - 4. What is x(-18)?
-22
Let y(w) = -7*w + 141. What is y(20)?
1
Let d(z) = -3*z + 15. Give d(5).
0
Let s(p) = 11*p + 303. Give s(-28).
-5
Let n(d) = -d**2 - 30*d - 182. What is n(-9)?
7
Let b(j) = 2*j**2 + 7*j + 12. Calculate b(0).
12
Let v(a) = a**2 - 12*a + 20. Give v(6).
-16
Let w(q) = q**3 + q**2 + q + 4. Calculate w(-3).
-17
Let p(f) = f**3 - f**2 + f + 22. Calculate p(0).
22
Let z(x) = -x**2 + 8*x - 8. Determine z(6).
4
Let a(v) = 4*v - 13. Calculate a(5).
7
Let l(p) = p**3 - 8*p**2 + 6*p + 16. Give l(6).
-20
Let d(a) = a**3 + 8*a**2 - 4*a - 29. Calculate d(-8).
3
Let q(p) = -p**2 - 13*p - 36. Determine q(-9).
0
Let w(j) = -j**3 + 5*j**2 - 5*j + 2. Calculate w(2).
4
Let x(m) = -m - 13. Give x(-11).
-2
Let y(j) = 13*j + 12. Give y(-5).
-53
Let b(u) = u**3 + 11*u**2 + 14*u + 23. Determine b(-10).
-17
Let v(t) = -t**2 - 57*t - 346. Calculate v(-50).
4
Let h(y) = -y - 6. What is h(-3)?
-3
Let u(j) = j**3 + 10*j**2 + 11*j + 8. Give u(-9).
-10
Let t(i) = 6*i + 137. Determine t(-25).
-13
Let a(d) = d + 3. Determine a(9).
12
Let u(m) = -m**2 + 20*m + 32. Give u(24).
-64
Let p(c) = -13*c + 130. What is p(10)?
0
Let k(v) = -v**3 - 16*v**2 + 16*v - 14. Calculate k(-17).
3
Let r(v) = v**3 + 26*v**2 + 50*v + 49. Determine r(-24).
1
Let x(v) = v**2 - 2*v - 4. Determine x(3).
-1
Let i(f) = f - 1. Determine i(7).
6
Let w(p) = -5*p - 33. Give w(-6).
-3
Let k(j) = 11*j + 4. Determine k(-3).
-29
Let y(c) = 18*c + 28. What is y(-1)?
10
Let c(o) = 12*o - 66. Give c(6).
6
Let s(m) = -m**3 + 8*m**2 - 7*m - 24. Determine s(6).
6
Let x(t) = -12*t + 151. What is x(13)?
-5
Let p(k) = 2*k**3 - 18*k**2 + 25*k + 1. Give p(8).
73
Let c(u) = -29*u + 318. Determine c(11).
-1
Let d(i) = -i**3 - 6*i**2 + i + 2. Determine d(-6).
-4
Let m(q) = q**2 - 11*q + 17. Give m(8).
-7
Let u(x) = -x**2 + 9*x + 49. Determine u(13).
-3
Let p(r) = r**2 + 14*r + 27. Give p(-7).
-22
Let h(z) = -z**2 - 5*z + 3. Give h(-2).
9
Let j(f) = -70*f + 416. Calculate j(6).
-4
Let p(x) = 2*x - 20. What is p(17)?
14
Let z(v) = 2*v + 48. Determine z(-12).
24
Let j(i) = -i**3 + i**2 + 4*i + 12. Calculate j(0).
12
Let t(y) = 3*y + 26. Give t(-10).
-4
Let i(b) = -b**3 + 11*b**2 + 14*b + 5. Give i(12).
29
Let h(r) = -3*r**2 - 2*r + 9. What is h(-5)?
-56
Let x(b) = -2*b**2 + 4. Determine x(-5).
-46
Let i(n) = n**3 + 16*n**2 + 22*n + 28. Give i(-15).
-77
Let v(q) = -8*q**2 - 2*q. Calculate v(-1).
-6
Let r(w) = w**3 + 5*w**2 - 7*w + 18. Calculate r(-8).
-118
Let v(g) = -g**2 + 3. Calculate v(0).
3
Let j(d) = 3*d + 18. Determine j(-11).
-15
Let q(k) = k**3 - 26*k**2 + 27*k - 50. Give q(25).
0
Let j(f) = -f**2 - 10*f - 13. Calculate j(-9).
-4
Let z(k) = -k**3 + 8*k**2 + 6*k + 10. Calculate z(9).
-17
Let a(m) = -65*m - 324. What is a(-5)?
1
Let v(h) = 11*h + 7. Determine v(-3).
-26
Let x(v) = -2*v**2 + 2*v - 14. Give x(-4).
-54
Let a(w) = 2*w**3 + 2*w**2 + 3*w. Determine a(-2).
-14
Let j(n) = 2*n**3 + 7*n**2 - 12*n - 7. Calculate j(-5).
-22
Let n(p) = -p - 13. Calculate n(0).
-13
Let k(g) = 4*g + 7. Determine k(-2).
-1
Let r(g) = g**3 - 8*g**2 - g + 2. Give r(8).
-6
Let j(m) = -10*m + 9. What is j(3)?
-21
Let k(m) = -m**3 - 5*m**2 + 2*m - 11. Give k(-5).
-21
Let i(q) = 2*q**2 - 22*q + 20. What is i(11)?
20
Let b(f) = 6*f - 13. Calculate b(11).
53
Let n(t) = t**3 - 3*t**2 - 2*t + 6. Calculate n(2).
-2
Let d(b) = b**2 - 41*b + 72. Calculate d(39).
-6
Let w(n) = n**2 - 39. Determine w(0).
-39
Let f(l) = l**3 - 22*l**2 + 16*l + 99. Determine f(21).
-6
Let j(r) = -r**3 + 6*r**2 - 2*r - 12. Give j(5).
3
Let n(d) = -25*d - 21. What is n(5)?
-146
Let q(t) = 2*t**2 + 5*t + 4. Determine q(-1).
1
Let r(q) = -3*q**2 + 3*q + 7. What is r(-3)?
-29
Let p(y) = -y**3 + 7*y**2 + 2*y + 8. Determine p(7).
22
Let j(a) = 3*a - 27. Determine j(8).
-3
Let a(f) = -16*f - 27. Determine a(-6).
69
Let l(v) = v + 2. Determine l(-6).
-4
Let c(f) = f + 24. Determine c(-29).
-5
Let o(y) = 2*y**2 + 10*y + 17. What is o(-5)?
17
Let z(x) = x**3 - 5*x**2 + 8*x - 2. What is z(4)?
14
Let g(q) = -3*q + 18. Determine g(6).
0
Let x(b) = -b**3 + 9*b**2 - 3*b + 12. Give x(9).
-15
Let y(a) = -a**3 - 7*a**2 + 4*a + 32. Determine y(-7).
4
Let a(n) = -2